g(a) = -a**2 - 17*a + 9. Is g(-14) prime?
False
Let x(n) = 2*n**2 + 8*n - 6. Let p(l) = -2*l**2 - 8*l + 7. Let b(i) = -3*p(i) - 4*x(i). Let k be b(-6). Is 135/7 + 6/k a composite number?
False
Suppose 0 = 2*x + c + 26, -2*x = x - 5*c + 39. Let g = 60 + -40. Let d = x + g. Is d composite?
False
Let u(v) = 84*v**2 + 3*v + 2. Is u(-1) composite?
False
Let s(q) = q**3 - 6*q**2 + 4*q - 4. Let z be s(5). Is (-600)/(-27) + 2/z a composite number?
True
Let k(g) = g**3 - 4*g**2. Let l be k(6). Suppose 5*d = 83 + l. Is d a composite number?
False
Is -1 - (-189)/(2 - 1) - 1 composite?
True
Let t(a) = 2*a**2 + 2*a + 331. Is t(0) a prime number?
True
Let v = 1185 + -788. Is v composite?
False
Suppose -3 = -3*o + 156. Is o prime?
True
Suppose -134 = 5*b + 86. Suppose -177 = -5*o - 3*i, 5*o + 4*i - 185 = -i. Let x = o - b. Is x a composite number?
True
Suppose -5*b + 3*b = 88. Suppose 2*o - 205 = -3*o - 2*n, 3*n + 180 = 5*o. Let p = o - b. Is p a composite number?
False
Let m = -203 + 454. Is m composite?
False
Let l(v) = 8*v**2 + 24*v + 19. Let z(n) = -3*n**2 - 8*n - 6. Let t(f) = -2*l(f) - 7*z(f). Is t(-5) composite?
False
Suppose 0 = 8*m - 4*m - 44. Is m a prime number?
True
Let x = 0 + 3. Is (85/x)/((-1)/(-3)) a prime number?
False
Suppose -2*a + 4*c + 40 = 0, 0 = 2*c - 0*c + 10. Let l = a - 16. Is ((-68)/l)/((-1)/(-3)) prime?
False
Let w(z) = 4*z - 1. Is w(3) a composite number?
False
Suppose -5755 = -57*m + 52*m. Is m prime?
True
Let w(h) = -36*h - 4. Let f be 4/22 - (-336)/(-33). Let u be w(f). Let p = -213 + u. Is p composite?
True
Suppose -4*q - 89 = -s - 0*s, 0 = -4*q - 20. Is s composite?
True
Let m(s) be the third derivative of -s**5/8 - s**4/24 + s**3/6 + s**2. Let x(d) be the first derivative of m(d). Is x(-1) a prime number?
False
Suppose f - 116 = 54. Let p = f + -48. Is p a composite number?
True
Let z = -627 - -2366. Is z a prime number?
False
Let n = -451 + 639. Is (-3 + n/(-1))*-1 a prime number?
True
Let y = -4 + 25. Let r be -2 + (-1 - -2) + -1. Is 7/r*(-60)/y a prime number?
False
Let c(a) = 514*a**2 - a. Is c(-1) a prime number?
False
Suppose 2*f + 1 = 3*f. Let c = 3 + f. Suppose -175 - 37 = -c*o. Is o composite?
False
Let h = 3884 - 2721. Is h prime?
True
Let r(t) = -7 - 9 + 7 + t. Let g be r(11). Suppose 0 = -5*z - 15, 0*z - 4*z = -g*a + 146. Is a prime?
True
Suppose 15*k - 3397 = 75008. Is k a composite number?
False
Let w be (2/4)/((-3)/(-18)). Suppose 0 = -0*a + w*a + x - 231, 0 = x - 3. Suppose -u = -q - 2*q + 57, 4*q = -2*u + a. Is q a prime number?
True
Is 0/((-3)/1) - 1438/(-2) a composite number?
False
Let l = -2 - -2. Suppose -2*s = -l*s + 8. Is ((-35)/2)/5*s prime?
False
Let t = -346 - -491. Is t composite?
True
Let r(z) = -3*z**2 + 12 - 6*z + 0*z**2 + 4*z**2. Is r(11) a composite number?
False
Is (7 + -3 - -477) + 2*-1 a composite number?
False
Suppose 2*b + 3*b = 5*y + 15, -3*y + 11 = b. Suppose -y*x = -38 + 12. Is x a prime number?
True
Let j(p) = -p**3 - 5*p**2 - 6*p + 13. Is j(-9) prime?
False
Let x(y) = 2*y - 5. Let m be x(8). Let u(g) = -g**2 + 27*g - 15. Is u(m) a prime number?
False
Let y(u) be the second derivative of 5*u**3/3 + 3*u**2/2 + 3*u. Is y(5) prime?
True
Is (-3568)/(-96) + 2/(-12) a prime number?
True
Suppose m + 4 = -0. Let x = m + 6. Is (x - 1)*(256 + 1) a prime number?
True
Suppose 5*l - 2*l + 1 = b, 25 = -5*l - 3*b. Let y = l + 7. Let s(o) = o**2 - 3*o. Is s(y) prime?
False
Is 1757/6 + (-3)/(-18) composite?
False
Suppose o - 10 = -2*j + 6*j, -5*j = 5*o + 25. Let g = 0 + o. Is 35 - 1 - g - 1 a composite number?
True
Let b be (14/(-6))/((-4)/(-12)). Let j(q) = -q**3 - 8*q**2 - 10*q. Let y be j(b). Suppose 3*o - 13 = -2*s + 4*o, 4*s - 3*o = y. Is s composite?
True
Let n(t) = t**3 - 5*t**2 + 7*t - 8. Let x be n(6). Suppose -a = -x - 267. Is a composite?
False
Let o = -14 + -4. Let v = -31 - 1. Let y = o - v. Is y prime?
False
Let y be (-14)/(-4) - 12/(-8). Suppose 2*o - y = 3. Suppose 193 = 3*t + o*d, -100 = -2*t + 2*d + 10. Is t prime?
True
Is 769 - 4*4/8 a composite number?
True
Let b(k) = -2*k**3 - 8*k + 3. Is b(-7) composite?
True
Suppose -90 + 459 = 3*c. Let i = 172 - c. Is i composite?
True
Suppose 3*j + 20 - 2 = 0. Let r be (30/(-25))/(j/20). Let c = 19 - r. Is c composite?
True
Let v(p) = -p**3 - 7*p**2 - p - 4. Let r be v(-7). Suppose s + 3*a = -2*s, -5*s + 8 = r*a. Suppose s*l + l = 35. Is l a prime number?
True
Let r = -4 + 3. Let g = -1 - r. Suppose -o = -l + 4*o + 35, g = 5*l + 2*o - 283. Is l a prime number?
False
Suppose -3*c = -0*c - 318. Let r be -45 - 2 - (-1 - -1). Let n = c + r. Is n prime?
True
Suppose 8*c - 298 = 6*c. Is c prime?
True
Let p be 4/6*(3 + -9). Let t(s) = -s + 0*s - 8*s - 3 - 2. Is t(p) composite?
False
Suppose 5*y - 149 = -5*b + 81, 4*b + 176 = 4*y. Suppose -5*g + y = -p + 6*p, -5*g + 77 = -3*p. Is g composite?
False
Is 38/(-19) - (-682 + -1 - -2) a prime number?
False
Let a be 6 - 1 - 3 - -447. Suppose a = -2*f + 93. Let z = f - -389. Is z composite?
False
Let f = 79 - -132. Is f composite?
False
Let r be (1 - 2)*1 + 2. Let s = 1 - r. Suppose 2*q + 4*o - 62 = -s*q, -2*q = -3*o - 83. Is q a composite number?
False
Suppose 0*z = z - 527. Is z a composite number?
True
Let t be 6/5*20/(-8). Let a(h) be the first derivative of -15*h**2/2 + 2*h - 2. Is a(t) a composite number?
False
Let r(i) = 6*i**2 - 5*i - 1. Let k be r(-5). Suppose 0*x - k = -2*x. Is x prime?
False
Let p = -30 - -6. Is 3*(-3)/(-9) - p a prime number?
False
Suppose 5*g - 4 = 1. Suppose 5*x - 10 - 10 = 0. Is 26*g*2/x composite?
False
Let x(u) = u**2 - u + 3. Let g be x(0). Suppose -2*j + 13 = 1. Suppose -50 = -g*m + 5*q, -m + 0*m - 4*q = j. Is m composite?
True
Suppose 0 = -3*r + 10 - 136. Let l = r + 76. Is l prime?
False
Suppose -5*j + 25 = -0*j. Let s = 1 + -1. Suppose j*a - 22 - 13 = s. Is a prime?
True
Suppose -4952 = -3*t + 5*k, -1 = -2*k - 3. Is t composite?
True
Let c(b) be the first derivative of b**4/4 - b**2/2 + b - 1. Let k(n) = 3*n**2 + n + 1. Let j be k(-1). Is c(j) a composite number?
True
Suppose 0 = 4*i - 3*i - 443. Is i prime?
True
Let v = -35 - -93. Is v a composite number?
True
Suppose 3*n + 2216 = 14651. Is n a prime number?
False
Let f(j) = 1461*j**2 - 4*j + 2. Is f(1) a prime number?
True
Let f = 5 + -5. Suppose 3*g - 5*g = -2*a + 10, f = a + 3*g + 3. Is a a prime number?
True
Suppose 4*s - 153 - 91 = 4*z, -5*s - 3*z = -289. Is s a composite number?
False
Let q = 116 + 141. Is q a prime number?
True
Suppose o = 4*o + 27. Let q(c) = -c - 9. Let k(x) = -2*x - 17. Let s(b) = 3*k(b) - 5*q(b). Is s(o) a composite number?
False
Is (8/(-8))/(1/(-134)) a composite number?
True
Let t be 3 - (5 - 2)/(-3). Suppose 26 = 4*g + 2*q, -t = -2*g - 2*q + 12. Suppose g*z - 565 = -0*z. Is z a composite number?
False
Let i(h) = -4*h**3 + 3*h**2 - 3*h - 39. Let m(p) = p**2 - 2*p**2 - p + p**3 + 2*p. Let t(v) = -i(v) - 3*m(v). Is t(0) composite?
True
Suppose -3*n + 6*n - 12 = 0. Suppose 6 = -f + n. Is 88/1 - (f - -1) a prime number?
True
Suppose -4*k + 4*i + 17 - 1 = 0, -i - 31 = -4*k. Suppose -f + 11 = -5*h, 0 = f - 2*f + 3*h + k. Is f a composite number?
True
Suppose -2*w - 248 = -1182. Is w composite?
False
Is ((-1946)/(-8))/(-1)*-4 a prime number?
False
Suppose 3*i + 1029 = 2*h, 7*h = 2*h - 3*i + 2604. Is h a composite number?
True
Suppose 5*v - 5 = 4*v. Let i(f) = -f**3 + 6*f**2 - 2*f - 2. Let k be i(v). Let x = k - 3. Is x composite?
True
Is 2/11 + (-473460)/(-132) a composite number?
True
Suppose 3353 = 6*r + r. Is r a prime number?
True
Let q be (-1 - -6)*(5 + -4). Suppose 0 = 3*g - q*d - 11, 0 = -5*g - 4*d + 54 - 11. Let b = 14 - g. Is b a composite number?
False
Suppose 0 = -2*i + 6, -2*q + i + 1526 = 5*i. Is q prime?
True
Let x = 1254 - 569. Is x prime?
False
Let h = -87 - -533. Is h/5 + (-10)/50 composite?
False
Let y = -31 + 50. Suppose 0 = -3*v + 20 + y. Is v composite?
False
Is -286*((-1)/2 + 0) composite?
True
Suppose 0 = -3*b + 4*u + 2651, 2*u = -3*b - b + 3564. Is b prime?
False
Suppose n - 737 = 4*f + 812, 2*n - 3116 = 2*f. Is n prime?
False
Let v be (-3)/((-6)/(-4))*33. Let l = v - -119. Is l a composite number?
False
Let n be (40/(-6))/(3/540). Let a = -826 - n. Suppose 2*f - 4*d - 118 - 60 = 0, -a = -4*f - d. Is f a composite number?
True
Let q = -269 - -663. Suppose 5*n - q = -